{"id":15,"date":"2019-07-18T13:20:21","date_gmt":"2019-07-18T11:20:21","guid":{"rendered":"http:\/\/www2.sald.pl\/?page_id=15"},"modified":"2019-07-22T21:31:09","modified_gmt":"2019-07-22T19:31:09","slug":"o-firmie","status":"publish","type":"page","link":"https:\/\/sald.pl\/","title":{"rendered":"O Firmie"},"content":{"rendered":"\n<p style=\"text-align:left\"><strong>studio architektury Lukas Design<\/strong>&nbsp;zosta\u0142o za\u0142o\u017cone w 2000 roku.<\/p>\n\n\n\n<p style=\"text-align:left\">Realizujemy kompleksowe, wielobran\u017cowe projekty w zakresie urbanistyki, architektury<br>i bran\u017c towarzysz\u0105cych: drogowej, sieci, instalacji, geodezji, geologii, ochrony \u015brodowiska itd.<\/p>\n\n\n\n<p style=\"text-align:left\">Dzia\u0142alno\u015b\u0107 na terenie ca\u0142ego kraju w zale\u017cno\u015bci od zlece\u0144.<\/p>\n\n\n\n<p><\/p>\n","protected":false},"excerpt":{"rendered":"<p>studio architektury Lukas Design&nbsp;zosta\u0142o za\u0142o\u017cone w 2000 roku. Realizujemy kompleksowe, wielobran\u017cowe projekty w zakresie urbanistyki, architekturyi bran\u017c towarzysz\u0105cych: drogowej, sieci, instalacji, geodezji, geologii, ochrony \u015brodowiska itd. Dzia\u0142alno\u015b\u0107 na terenie ca\u0142ego kraju w zale\u017cno\u015bci od zlece\u0144.<\/p>\n","protected":false},"author":1,"featured_media":0,"parent":0,"menu_order":0,"comment_status":"closed","ping_status":"closed","template":"","meta":{"footnotes":""},"class_list":["post-15","page","type-page","status-publish","hentry"],"_links":{"self":[{"href":"https:\/\/sald.pl\/index.php\/wp-json\/wp\/v2\/pages\/15","targetHints":{"allow":["GET"]}}],"collection":[{"href":"https:\/\/sald.pl\/index.php\/wp-json\/wp\/v2\/pages"}],"about":[{"href":"https:\/\/sald.pl\/index.php\/wp-json\/wp\/v2\/types\/page"}],"author":[{"embeddable":true,"href":"https:\/\/sald.pl\/index.php\/wp-json\/wp\/v2\/users\/1"}],"replies":[{"embeddable":true,"href":"https:\/\/sald.pl\/index.php\/wp-json\/wp\/v2\/comments?post=15"}],"version-history":[{"count":11,"href":"https:\/\/sald.pl\/index.php\/wp-json\/wp\/v2\/pages\/15\/revisions"}],"predecessor-version":[{"id":240,"href":"https:\/\/sald.pl\/index.php\/wp-json\/wp\/v2\/pages\/15\/revisions\/240"}],"wp:attachment":[{"href":"https:\/\/sald.pl\/index.php\/wp-json\/wp\/v2\/media?parent=15"}],"curies":[{"name":"wp","href":"https:\/\/api.w.org\/{rel}","templated":true}]}}

<p style="text-align:left"><strong>studio architektury Lukas Design</strong>&nbsp;zostało założone w 2000 roku.</p>



<p style="text-align:left">Realizujemy kompleksowe, wielobranżowe projekty w zakresie urbanistyki, architektury<br>i branż towarzyszących: drogowej, sieci, instalacji, geodezji, geologii, ochrony środowiska itd.</p>



<p style="text-align:left">Działalność na terenie całego kraju w zależności od zleceń.</p>



<p></p>

<p>studio architektury Lukas Design&nbsp;zostało założone w 2000 roku. Realizujemy kompleksowe, wielobranżowe projekty w zakresie urbanistyki, architekturyi branż towarzyszących: drogowej, sieci, instalacji, geodezji, geologii, ochrony środowiska itd. Działalność na terenie całego kraju w zależności od zleceń.</p>
